{"id":300,"date":"2018-07-04T12:06:34","date_gmt":"2018-07-04T11:06:34","guid":{"rendered":"https:\/\/sentesetcimes.wordpress.com\/?page_id=300"},"modified":"2018-07-04T12:06:34","modified_gmt":"2018-07-04T11:06:34","slug":"conditions-de-vente-des-prestations","status":"publish","type":"page","link":"https:\/\/sentesetcimes.org\/conditions-de-vente-des-prestations\/","title":{"rendered":"Conditions de vente des prestations"},"content":{"rendered":"<h2><strong>Politique tarifaire<\/strong><\/h2>\n<p>Dans notre monde marchand, difficile de s\u2019affanchir de ses contraintes&#160;!<\/p>\n<p>La d\u00e9couverte de la nature doit pouvoir rester accessible au plus grand nombre&#160;: les tarifs qui vous sont propos\u00e9s correspondent aux pratiques de la profession.<\/p>\n<p>Budget serr\u00e9, ch\u00f4meurs&#160;? Contactez-moi&#160;! L\u2019argent ne doit pas \u00eatre un frein pour me rejoindre.<\/p>\n<h2><strong>Participants<\/strong><\/h2>\n<p>Les sorties propos\u00e9es sont ouvertes \u00e0 tou.te.s, \u00e0 condition d\u2019\u00eatre apte \u00e0 la pratique d\u2019un exercice physique.<\/p>\n<h2><strong>Modes de paiement<\/strong><\/h2>\n<p>R\u00e8glement en esp\u00e8ces ou par ch\u00e8que \u00e0 l\u2019ordre de Sentes et Cimes.<\/p>\n<h2>Assurance<\/h2>\n<p>L\u2019Accompagnateur en Montagne souscrit \u00e0 une assurance Responsabilit\u00e9 Civile Professionnelle.<\/p>\n<p>Chaque participant doit \u00eatre couvert par une assurance personnelle prenant en compte les activit\u00e9s en montagne.<\/p>\n<h2>Droit \u00e0 l\u2019image<\/h2>\n<p>Si vous ne souhaitez pas \u00eatre pris en photo, je vous invite \u00e0 le signaler. Un droit \u00e0 l\u2019image sera demand\u00e9 pour les personnes mineures.<\/p>\n","protected":false},"excerpt":{"rendered":"<p>Politique tarifaire Dans notre monde marchand, difficile de s\u2019affanchir de ses contraintes&#160;! La d\u00e9couverte de la nature doit pouvoir rester accessible au plus grand nombre&#160;: les tarifs qui vous sont propos\u00e9s correspondent aux pratiques de la profession. Budget serr\u00e9, ch\u00f4meurs&#160;? Contactez-moi&#160;! L\u2019argent ne doit pas \u00eatre un frein pour me rejoindre. Participants Les sorties propos\u00e9es [&hellip;]<\/p>\n","protected":false},"author":1,"featured_media":0,"parent":0,"menu_order":0,"comment_status":"closed","ping_status":"closed","template":"","meta":{"footnotes":""},"class_list":["post-300","page","type-page","status-publish","hentry"],"_links":{"self":[{"href":"https:\/\/sentesetcimes.org\/index.php\/wp-json\/wp\/v2\/pages\/300","targetHints":{"allow":["GET"]}}],"collection":[{"href":"https:\/\/sentesetcimes.org\/index.php\/wp-json\/wp\/v2\/pages"}],"about":[{"href":"https:\/\/sentesetcimes.org\/index.php\/wp-json\/wp\/v2\/types\/page"}],"author":[{"embeddable":true,"href":"https:\/\/sentesetcimes.org\/index.php\/wp-json\/wp\/v2\/users\/1"}],"replies":[{"embeddable":true,"href":"https:\/\/sentesetcimes.org\/index.php\/wp-json\/wp\/v2\/comments?post=300"}],"version-history":[{"count":0,"href":"https:\/\/sentesetcimes.org\/index.php\/wp-json\/wp\/v2\/pages\/300\/revisions"}],"wp:attachment":[{"href":"https:\/\/sentesetcimes.org\/index.php\/wp-json\/wp\/v2\/media?parent=300"}],"curies":[{"name":"wp","href":"https:\/\/api.w.org\/{rel}","templated":true}]}}